{"id":5796,"date":"2024-12-17T23:13:27","date_gmt":"2024-12-17T19:13:27","guid":{"rendered":"https:\/\/onlive.az\/?page_id=5796"},"modified":"2024-12-25T17:20:59","modified_gmt":"2024-12-25T13:20:59","slug":"haqqimizda","status":"publish","type":"page","link":"https:\/\/onlive.az\/?page_id=5796","title":{"rendered":"Haqq\u0131m\u0131zda"},"content":{"rendered":"\t\t<div data-elementor-type=\"wp-page\" data-elementor-id=\"5796\" class=\"elementor elementor-5796\" data-elementor-post-type=\"page\">\n\t\t\t\t\t\t<section class=\"elementor-section elementor-top-section elementor-element elementor-element-db95cf8 elementor-section-full_width elementor-section-height-default elementor-section-height-default\" data-id=\"db95cf8\" data-element_type=\"section\" data-settings=\"{&quot;background_background&quot;:&quot;classic&quot;}\">\n\t\t\t\t\t\t\t<div class=\"elementor-background-overlay\"><\/div>\n\t\t\t\t\t\t\t<div class=\"elementor-container elementor-column-gap-no\">\n\t\t\t\t\t<div class=\"elementor-column elementor-col-100 elementor-top-column elementor-element elementor-element-66f18a8\" data-id=\"66f18a8\" data-element_type=\"column\">\n\t\t\t<div class=\"elementor-widget-wrap elementor-element-populated\">\n\t\t\t\t\t\t<div class=\"elementor-element elementor-element-9484025 elementor-widget elementor-widget-digalushapeimage\" data-id=\"9484025\" data-element_type=\"widget\" data-widget_type=\"digalushapeimage.default\">\n\t\t\t\t<div class=\"elementor-widget-container\">\n\t\t\t<!-- Image --><div class=\"bg-position\"><img decoding=\"async\" src=\"https:\/\/wordpress.validthemes.net\/digalu\/wp-content\/uploads\/2023\/05\/20-2.png\" alt=\"Onlive.az\"><\/div><!-- End Image -->\t\t<\/div>\n\t\t\t\t<\/div>\n\t\t\t\t<section class=\"elementor-section elementor-inner-section elementor-element elementor-element-bb81349 elementor-section-boxed elementor-section-height-default elementor-section-height-default\" data-id=\"bb81349\" data-element_type=\"section\">\n\t\t\t\t\t\t<div class=\"elementor-container elementor-column-gap-no\">\n\t\t\t\t\t<div class=\"elementor-column elementor-col-50 elementor-inner-column elementor-element elementor-element-0f70004\" data-id=\"0f70004\" data-element_type=\"column\">\n\t\t\t<div class=\"elementor-widget-wrap elementor-element-populated\">\n\t\t\t\t\t\t<div class=\"elementor-element elementor-element-d061a0c elementor-widget elementor-widget-digalugroupimage\" data-id=\"d061a0c\" data-element_type=\"widget\" data-widget_type=\"digalugroupimage.default\">\n\t\t\t\t<div class=\"elementor-widget-container\">\n\t\t\t<div class=\"about-style-four\"><div class=\"thumb\"><img decoding=\"async\" src=\"https:\/\/onlive.az\/wp-content\/uploads\/2024\/12\/a1-1.png\" alt=\"Onlive\"  \/><img decoding=\"async\" src=\"https:\/\/wordpress.validthemes.net\/digalu\/wp-content\/uploads\/2023\/05\/9.png\" alt=\"Onlive\"  \/><img decoding=\"async\" src=\"https:\/\/wordpress.validthemes.net\/digalu\/wp-content\/uploads\/2023\/05\/chart.png\" alt=\"Onlive\"  \/><div class=\"shape\"><img decoding=\"async\" src=\"https:\/\/wordpress.validthemes.net\/digalu\/wp-content\/uploads\/2023\/05\/4.png\" alt=\"Onlive\"  \/><\/div><div class=\"icon\"><i class=\"fas fa-arrow-up\"><\/i><\/div><\/div><\/div>\t\t<\/div>\n\t\t\t\t<\/div>\n\t\t\t\t\t<\/div>\n\t\t<\/div>\n\t\t\t\t<div class=\"elementor-column elementor-col-50 elementor-inner-column elementor-element elementor-element-4961592\" data-id=\"4961592\" data-element_type=\"column\">\n\t\t\t<div class=\"elementor-widget-wrap elementor-element-populated\">\n\t\t\t\t\t\t<div class=\"elementor-element elementor-element-742a1bd elementor-widget elementor-widget-digalusectiontitle\" data-id=\"742a1bd\" data-element_type=\"widget\" data-widget_type=\"digalusectiontitle.default\">\n\t\t\t\t<div class=\"elementor-widget-container\">\n\t\t\t<!-- Section Title --><div class=\"about-style-one\" ><h4 class=\"subtitle-selector sub-title\">Haqq\u0131m\u0131zda<\/h4><h2 class=\"title-selector title\">Biz kimik?<\/h2><p class=\"sec-text\">Biznesinizi b\u00f6y\u00fctm\u0259k ist\u0259yirsiniz? El\u0259 is\u0259 biziml\u0259 tan\u0131\u015f olun! \u015eirk\u0259timiz m\u00fcasir r\u0259q\u0259msal v\u0259 effektiv strategiyalar vasit\u0259sil\u0259 biznesinizi b\u00f6y\u00fctm\u0259k v\u0259 m\u00fc\u015ft\u0259ri bazan\u0131z\u0131 geni\u015fl\u0259ndirm\u0259k \u00fc\u00e7\u00fcn ideal partnyordur. SMM, SEO, Veb Development, H\u0259d\u0259fli Reklam Kampaniyalar\u0131 v\u0259 Kreativ h\u0259ll\u0259r \u00fczr\u0259 ixtisasla\u015fm\u0131\u015f 10 illik t\u0259cr\u00fcb\u0259y\u0259 sahib pe\u015f\u0259kar komandam\u0131zla xidm\u0259tinizd\u0259yik. M\u0259qs\u0259dimiz yaln\u0131z n\u0259tic\u0259 deyil, h\u0259m d\u0259 davaml\u0131 u\u011furdur! Biznesinizi zirv\u0259y\u0259 \u00e7\u0131xarmaq \u00fc\u00e7\u00fcn indi biziml\u0259 \u0259laq\u0259 saxlay\u0131n!<\/p><\/div><!-- End Section Title -->\t\t<\/div>\n\t\t\t\t<\/div>\n\t\t\t\t<div class=\"elementor-element elementor-element-3fdd740 elementor-widget elementor-widget-digaluplaybutton\" data-id=\"3fdd740\" data-element_type=\"widget\" data-widget_type=\"digaluplaybutton.default\">\n\t\t\t\t<div class=\"elementor-widget-container\">\n\t\t\t<a href=\"#\" class=\"popup-youtube video-play-button with-text\"><div class=\"effect\"><\/div><span><i class=\"fas fa-play\"><\/i> HEKAY\u018fM\u0130Z<\/span><\/a>\t\t<\/div>\n\t\t\t\t<\/div>\n\t\t\t\t\t<\/div>\n\t\t<\/div>\n\t\t\t\t\t<\/div>\n\t\t<\/section>\n\t\t\t\t\t<\/div>\n\t\t<\/div>\n\t\t\t\t\t<\/div>\n\t\t<\/section>\n\t\t\t\t<section class=\"elementor-section elementor-top-section elementor-element elementor-element-c1bde5a elementor-section-boxed elementor-section-height-default elementor-section-height-default\" data-id=\"c1bde5a\" data-element_type=\"section\" data-settings=\"{&quot;background_background&quot;:&quot;classic&quot;}\">\n\t\t\t\t\t\t\t<div class=\"elementor-background-overlay\"><\/div>\n\t\t\t\t\t\t\t<div class=\"elementor-container elementor-column-gap-no\">\n\t\t\t\t\t<div class=\"elementor-column elementor-col-100 elementor-top-column elementor-element elementor-element-d53e94c\" data-id=\"d53e94c\" data-element_type=\"column\">\n\t\t\t<div class=\"elementor-widget-wrap elementor-element-populated\">\n\t\t\t\t\t\t<section class=\"elementor-section elementor-inner-section elementor-element elementor-element-4e4390b elementor-section-full_width elementor-section-height-default elementor-section-height-default\" data-id=\"4e4390b\" data-element_type=\"section\">\n\t\t\t\t\t\t<div class=\"elementor-container elementor-column-gap-no\">\n\t\t\t\t\t<div class=\"elementor-column elementor-col-50 elementor-inner-column elementor-element elementor-element-424c2bb\" data-id=\"424c2bb\" data-element_type=\"column\">\n\t\t\t<div class=\"elementor-widget-wrap elementor-element-populated\">\n\t\t\t\t\t\t<div class=\"elementor-element elementor-element-cf04758 elementor-widget elementor-widget-digalugroupimage\" data-id=\"cf04758\" data-element_type=\"widget\" data-widget_type=\"digalugroupimage.default\">\n\t\t\t\t<div class=\"elementor-widget-container\">\n\t\t\t<div class=\"animate-illustration\"><img decoding=\"async\" src=\"https:\/\/wordpress.validthemes.net\/digalu\/wp-content\/uploads\/2022\/10\/v.png\" alt=\"Onlive\"  class=\"no animation\" data-wow-delay=\"ms\" \/><div class=\"sub-item\"><img decoding=\"async\" src=\"https:\/\/wordpress.validthemes.net\/digalu\/wp-content\/uploads\/2022\/10\/v8.png\" alt=\"Onlive\"  class=\"wow pulse\" data-wow-delay=\"ms\" \/><img decoding=\"async\" src=\"https:\/\/wordpress.validthemes.net\/digalu\/wp-content\/uploads\/2022\/10\/s5.png\" alt=\"Onlive\"  class=\"wow fadeInLeft\" data-wow-delay=\"300ms\" \/><img decoding=\"async\" src=\"https:\/\/wordpress.validthemes.net\/digalu\/wp-content\/uploads\/2022\/10\/v1.png\" alt=\"Onlive\"  class=\"wow fadeInUp\" data-wow-delay=\"ms\" \/><img decoding=\"async\" src=\"https:\/\/wordpress.validthemes.net\/digalu\/wp-content\/uploads\/2022\/10\/v5.png\" alt=\"Onlive\"  class=\"wow fadeInDown\" data-wow-delay=\"400ms\" \/><img decoding=\"async\" src=\"https:\/\/wordpress.validthemes.net\/digalu\/wp-content\/uploads\/2022\/10\/v6.png\" alt=\"Onlive\"  class=\"wow fadeIn\" data-wow-delay=\"500ms\" \/><img decoding=\"async\" src=\"https:\/\/wordpress.validthemes.net\/digalu\/wp-content\/uploads\/2022\/10\/v3.png\" alt=\"Onlive\"  class=\"no animation\" data-wow-delay=\"ms\" \/><\/div><\/div>\t\t<\/div>\n\t\t\t\t<\/div>\n\t\t\t\t\t<\/div>\n\t\t<\/div>\n\t\t\t\t<div class=\"elementor-column elementor-col-50 elementor-inner-column elementor-element elementor-element-8ba8d40\" data-id=\"8ba8d40\" data-element_type=\"column\">\n\t\t\t<div class=\"elementor-widget-wrap elementor-element-populated\">\n\t\t\t\t\t\t<div class=\"elementor-element elementor-element-0816629 elementor-widget elementor-widget-digalusectiontitle\" data-id=\"0816629\" data-element_type=\"widget\" data-widget_type=\"digalusectiontitle.default\">\n\t\t\t\t<div class=\"elementor-widget-container\">\n\t\t\t<!-- Section Title --><div class=\"about-style-one\" ><h4 class=\"subtitle-selector sub-title\">\u00dcst\u00fcnl\u00fckl\u0259rimiz<\/h4><h2 class=\"title-selector title\">Niy\u0259 bizi se\u00e7m\u0259lisiniz?<\/h2><p class=\"sec-text\">Pe\u015f\u0259kar xidm\u0259t, 10 illik t\u0259cr\u00fcb\u0259, beyn\u0259lxalq standartlara uy\u011fun h\u0259ll\u0259r v\u0259 i\u015fini sev\u0259n professional komanda \u2013 u\u011furlu biznesiniz \u00fc\u00e7\u00fcn do\u011fru se\u00e7iml\u0259r edin! <br> <b>H\u0259d\u0259finiz h\u0259d\u0259fimizdir!<\/b><\/p><\/div><!-- End Section Title -->\t\t<\/div>\n\t\t\t\t<\/div>\n\t\t\t\t<div class=\"elementor-element elementor-element-d3b884a elementor-widget__width-initial elementor-widget-mobile__width-inherit elementor-widget elementor-widget-text-editor\" data-id=\"d3b884a\" data-element_type=\"widget\" data-widget_type=\"text-editor.default\">\n\t\t\t\t<div class=\"elementor-widget-container\">\n\t\t\t\t\t\t\t<ul class=\"list-item-box\"><li><div class=\"list-item\"><div class=\"item\"><h5>Pe\u015f\u0259kar komanda<\/h5><\/div><div class=\"item\"><h5>10 illik t\u0259cr\u00fcb\u0259<\/h5><\/div><\/div><\/li><\/ul><ul class=\"list-item-box\"><li><div class=\"list-item\"><div class=\"item\"><h5>M\u0259hsuldar strategiyalar<\/h5><\/div><\/div><\/li><\/ul>\t\t\t\t\t\t<\/div>\n\t\t\t\t<\/div>\n\t\t\t\t<div class=\"elementor-element elementor-element-617d7f7 elementor-widget__width-auto elementor-widget-mobile__width-inherit elementor-hidden-desktop elementor-hidden-tablet elementor-hidden-mobile elementor-widget elementor-widget-digalupcircleprogressbar\" data-id=\"617d7f7\" data-element_type=\"widget\" data-widget_type=\"digalupcircleprogressbar.default\">\n\t\t\t\t<div class=\"elementor-widget-container\">\n\t\t\t<div class=\"choose-us-style-one\"><div class=\"progressbar\"><div class=\"circle\" data-percent=\"85\"><strong><\/strong><\/div><h4>Biznes art\u0131m\u0131<\/h4><\/div><\/div>\t\t<\/div>\n\t\t\t\t<\/div>\n\t\t\t\t\t<\/div>\n\t\t<\/div>\n\t\t\t\t\t<\/div>\n\t\t<\/section>\n\t\t\t\t\t<\/div>\n\t\t<\/div>\n\t\t\t\t\t<\/div>\n\t\t<\/section>\n\t\t\t\t<\/div>\n\t\t","protected":false},"excerpt":{"rendered":"<p>Haqq\u0131m\u0131zda Biz kimik? Biznesinizi b\u00f6y\u00fctm\u0259k ist\u0259yirsiniz? El\u0259 is\u0259 biziml\u0259 tan\u0131\u015f olun! \u015eirk\u0259timiz m\u00fcasir r\u0259q\u0259msal v\u0259 effektiv strategiyalar vasit\u0259sil\u0259 biznesinizi b\u00f6y\u00fctm\u0259k v\u0259 m\u00fc\u015ft\u0259ri bazan\u0131z\u0131 geni\u015fl\u0259ndirm\u0259k \u00fc\u00e7\u00fcn ideal partnyordur. SMM, SEO, Veb Development, H\u0259d\u0259fli Reklam Kampaniyalar\u0131 v\u0259 Kreativ h\u0259ll\u0259r \u00fczr\u0259 ixtisasla\u015fm\u0131\u015f 10 illik t\u0259cr\u00fcb\u0259y\u0259 sahib pe\u015f\u0259kar komandam\u0131zla xidm\u0259tinizd\u0259yik. M\u0259qs\u0259dimiz yaln\u0131z n\u0259tic\u0259 deyil, h\u0259m d\u0259 davaml\u0131 u\u011furdur! Biznesinizi&#8230;<\/p>\n","protected":false},"author":1,"featured_media":5024,"parent":0,"menu_order":0,"comment_status":"closed","ping_status":"closed","template":"elementor_header_footer","meta":{"footnotes":""},"class_list":["post-5796","page","type-page","status-publish","has-post-thumbnail","hentry"],"_links":{"self":[{"href":"https:\/\/onlive.az\/index.php?rest_route=\/wp\/v2\/pages\/5796","targetHints":{"allow":["GET"]}}],"collection":[{"href":"https:\/\/onlive.az\/index.php?rest_route=\/wp\/v2\/pages"}],"about":[{"href":"https:\/\/onlive.az\/index.php?rest_route=\/wp\/v2\/types\/page"}],"author":[{"embeddable":true,"href":"https:\/\/onlive.az\/index.php?rest_route=\/wp\/v2\/users\/1"}],"replies":[{"embeddable":true,"href":"https:\/\/onlive.az\/index.php?rest_route=%2Fwp%2Fv2%2Fcomments&post=5796"}],"version-history":[{"count":7,"href":"https:\/\/onlive.az\/index.php?rest_route=\/wp\/v2\/pages\/5796\/revisions"}],"predecessor-version":[{"id":5803,"href":"https:\/\/onlive.az\/index.php?rest_route=\/wp\/v2\/pages\/5796\/revisions\/5803"}],"wp:featuredmedia":[{"embeddable":true,"href":"https:\/\/onlive.az\/index.php?rest_route=\/wp\/v2\/media\/5024"}],"wp:attachment":[{"href":"https:\/\/onlive.az\/index.php?rest_route=%2Fwp%2Fv2%2Fmedia&parent=5796"}],"curies":[{"name":"wp","href":"https:\/\/api.w.org\/{rel}","templated":true}]}}